60?
True
Is 372 a multiple of 9?
False
Does 7 divide 2694?
False
Does 18 divide 71?
False
Does 4 divide 4212?
True
Is 44 a factor of 801?
False
Is 17 a factor of 816?
True
Is 65513 a multiple of 41?
False
Is 86760 a multiple of 10?
True
Is 32 a factor of 260?
False
Does 185 divide 4810?
True
Is 18 a factor of 15444?
True
Is 3497 a multiple of 13?
True
Is 83 a factor of 74700?
True
Does 257 divide 18588?
False
Is 14688 a multiple of 27?
True
Is 108108 a multiple of 12?
True
Is 22560 a multiple of 104?
False
Does 4 divide 212?
True
Is 9 a factor of 48?
False
Does 29 divide 1363?
True
Is 9459 a multiple of 25?
False
Is 3 a factor of 337?
False
Is 362 a multiple of 12?
False
Is 18 a factor of 25902?
True
Is 61 a factor of 19154?
True
Is 31 a factor of 1147?
True
Does 7 divide 10826?
False
Is 19415 a multiple of 56?
False
Is 5 a factor of 4295?
True
Does 5 divide 13320?
True
Is 4045 a multiple of 65?
False
Does 218 divide 86546?
True
Is 17725 a multiple of 25?
True
Is 3 a factor of 1800?
True
Is 197 a factor of 37824?
True
Does 91 divide 8142?
False
Does 62 divide 87?
False
Is 5744 a multiple of 5?
False
Is 21747 a multiple of 33?
True
Is 42 a factor of 5988?
False
Is 41 a factor of 1977?
False
Is 14726 a multiple of 37?
True
Is 307 a factor of 6754?
True
Is 162 a multiple of 18?
True
Does 41 divide 624?
False
Is 76 a factor of 13984?
True
Does 9 divide 2260?
False
Is 2 a factor of 703?
False
Does 21 divide 11636?
False
Does 84 divide 73788?
False
Does 16 divide 66512?
True
Is 95 a factor of 13273?
False
Is 10 a factor of 2660?
True
Is 122 a factor of 22367?
False
Is 154 a multiple of 17?
False
Does 28 divide 1148?
True
Is 2211 a multiple of 67?
True
Is 1932 a multiple of 28?
True
Does 204 divide 7752?
True
Is 294 a multiple of 14?
True
Does 52 divide 3484?
True
Is 1316 a multiple of 47?
True
Is 3483 a multiple of 49?
False
Is 2662 a multiple of 121?
True
Does 4 divide 6234?
False
Is 19 a factor of 760?
True
Is 2037 a multiple of 79?
False
Is 2916 a multiple of 17?
False
Is 330 a multiple of 30?
True
Does 60 divide 1200?
True
Is 6845 a multiple of 58?
False
Is 91 a factor of 2910?
False
Is 599 a multiple of 60?
False
Does 54 divide 3348?
True
Is 69 a factor of 1116?
False
Is 234 a multiple of 18?
True
Is 89 a multiple of 2?
False
Does 9 divide 170?
False
Is 11 a factor of 63338?
True
Is 4741 even?
False
Is 2976 a multiple of 24?
True
Is 172 a multiple of 10?
False
Does 41 divide 2535?
False
Does 25 divide 150?
True
Does 43 divide 5075?
False
Does 10 divide 17980?
True
Is 468 a multiple of 17?
False
Is 3050 a multiple of 61?
True
Does 5 divide 2030?
True
Does 10 divide 803?
False
Is 134 a factor of 5494?
True
Is 13 a factor of 7826?
True
Is 41190 a multiple of 211?
False
Is 1505 a multiple of 40?
False
Does 118 divide 9676?
True
Does 26 divide 44358?
False
Is 2408 a multiple of 43?
True
Does 14 divide 4522?
True
Does 20 divide 22240?
True
Does 74 divide 2080?
False
Is 2881 a multiple of 12?
False
Does 58 divide 5804?
False
Is 9 a factor of 66793?
False
Is 33719 a multiple of 7?
True
Is 569 a multiple of 15?
False
Is 6377 a multiple of 7?
True
Does 39 divide 29156?
False
Is 90471 a multiple of 15?
False
Is 7437 a multiple of 3?
True
Is 1776 a multiple of 24?
True
Does 102 divide 7956?
True
Is 1476 a multiple of 18?
True
Is 27 a factor of 621?
True
Does 6 divide 996?
True
Is 3186 a multiple of 40?
False
Is 113724 a multiple of 26?
True
Is 5046 a multiple of 58?
True
Is 29 a factor of 8874?
True
Is 68289 a multiple of 103?
True
Does 19 divide 1121?
True
Is 4 a factor of 4248?
True
Is 14 a factor of 1206?
False
Is 30 a factor of 89?
False
Does 25 divide 725?
True
Is 23 a factor of 29507?
False
Is 427 a multiple of 6?
False
Is 23 a factor of 943?
True
Does 39 divide 33345?
True
Is 33 a factor of 363?
True
Is 57 a factor of 5073?
True
Does 52 divide 49220?
False
Is 364 a multiple of 13?
True
Does 45 divide 585?
True
Is 10 a factor of 24680?
True
Does 5 divide 156?
False
Is 5 a factor of 2475?
True
Does 50 divide 6515?
False
Is 1917 a multiple of 27?
True
Does 10 divide 10376?
False
Is 94 a factor of 21620?
True
Does 26 divide 442?
True
Is 22 a factor of 6160?
True
Is 26 a factor of 14074?
False
Does 72 divide 720?
True
Is 1425 a multiple of 5?
True
Is 49 a multiple of 15?
False
Does 204 divide 43248?
True
Is 4200 a multiple of 32?
False
Is 98 a factor of 19622?
False
Is 58 a factor of 572?
False
Is 964 a multiple of 7?
False
Does 30 divide 1860?
True
Does 14 divide 1134?
True
Is 101 a factor of 957?
False
Does 158 divide 6478?
True
Is 48 a multiple of 24?
True
Is 178 a factor of 33928?
False
Is 23664 a multiple of 174?
True
Does 4 divide 5148?
True
Is 226 a multiple of 6?
False
Does 13 divide 16822?
True
Is 1088 a multiple of 32?
True
Is 35 a multiple of 7?
True
Is 194 a multiple of 9?
False
Does 115 divide 805?
True
Is 49 a factor of 321?
False
Does 111 divide 707?
False
Is 28 a factor of 7712?
False
Is 79 a factor of 3324?
False
Does 20 divide 1595?
False
Does 17 divide 3026?
True
Is 9409 a multiple of 35?
False
Is 8 a factor of 25602?
False
Is 18 a factor of 55?
False
Is 12 a factor of 9663?
False
Is 2 a factor of 22?
True
Is 14 a factor of 784?
True
Does 159 divide 79977?
True
Is 1836 a multiple of 204?
True
Is 1050 a multiple of 15?
True
Is 21 a multiple of 13?
False
Does 79 divide 395?
True
Does 11 divide 11260?
False
Does 17 divide 12954?
True
Does 21 divide 20118?
True
Is 1472 a multiple of 8?
True
Does 12 divide 2360?
False
Is 9 a factor of 721?
False
Is 46 a factor of 498?
False
Is 21 a factor of 2016?
True
Does 89 divide 3846?
False
Does 32 divide 5376?
True
Is 12635 a multiple of 13?
False
Is 2852 a multiple of 24?
False
Is 3874 a multiple of 26?
True
Is 29939 a multiple of 91?
True
Does 102 divide 23381?
False
Is 116455 a multiple of 368?
False
Is 21 a factor of 2078?
False
Is 11 even?
False
Is 101 a factor of 1111?
True
Is 9976 a multiple of 4?
True
Does 9 divide 3562?
False
Is 7 a factor of 413?
True
Is 31 a factor of 1083?
False
Does 129 divide 32283?
False
Is 33 a factor of 9270?
False
Is 20952 a multiple of 18?
True
Is 30 a factor of 911?
False
Does 144 divide 75776?
False
Is 238 a factor of 28084?
True
Is 26026 a multiple of 286?
True
Is 37848 a multiple of 23?
False
Is 6 a factor of 2988?
True
Is 10 a factor of 22303?
False
Is 322 a multiple of 23?
True
Is 56863 a multiple of 116?
False
Is 9 a factor of 261?
True
Is 2535 a multiple of 15?
True
Does 13 divide 782?
False
Does 34 divide 952?
True
Is 1075 a multiple of 5?
True
Is 18954 a multiple of 27?
True
Is 31 a factor of 10339?
False
Is 5 a factor of 11171?
False
Does 98 divide 1091?
False
Does 39 divide 147?
False
Is 777 a multiple of 2?
False
Is 31 a factor of 8370?
True
Is 8 a factor of 17720?
True
Does 93 divide 15252?
True
Does 14 divide 59039?
False
Is 21 a factor of 989?
False
Is 11 a factor of 6545?
True
Is 73 a factor of 6132?
True
Is 5 a factor of 945?
True
Is 1136 a multiple of 9?
False
Does 5 divide 1291?
False
Does 24 divide 3888?
True
Is 28248 a multiple of 12?
True
Is 594 a multiple of 22?
True
Is 96 a multiple of 12?
True
Does 40 divide 34080?
True
Does 24 divide 6822?
False
Does 4 divide 7821?
False
Does 13 divide 31993?
True
Does 240 divide 97200?
True
Is 198 a multiple of 9?
True
Is 4420 a multiple of 37?
False
Does 14 divide 513?
False
Is 6 a factor of 1326?
True
Is 134 a multiple of 27?
False
Is 151 a factor of 125028?
True
Is 2901 a multiple of 3?
True
Does 11 divide 5278?
False
Is 15 a factor of 17486?
False
Does 7 divide 395?
False
Is 81 a factor of 10983?
False
Is 11 a factor of 24882?
True
Is 15 a factor of 810?
True
Does 2 divide 2296?
True
Is 11880 a multiple of 44?
True
Does 39 divide 1560?
True
Does 8 divide 888?
True
Is 4780 a multiple of 32?
False
Is 5879 a multiple of 15?
False
Does 8 divide 18354?
False
Is 751 a multiple of 8?
False
Is 16 a factor of 1982?
False
Is 6552 a multiple of 12?
True
Does 114 divide 76945?
False
Is 43 a factor of 47386?
True
Is 42 a factor of 924?
True
Does 4 divide 14351?
False
Is 175 a multiple of 5?
True
Is 630 a multiple of 7?
True
Is 107 a factor of 25787?
True
Is 59 a factor of 37111?
True
Is 73 a factor of 45990?
True
Does 66 divide 2310?
True
Does 24 divide 5029?
False
Is 3860 a multiple of 10?
True
Is 514 a mult